at is the remainder when 199817 is divided by 1419?
1157
What is the remainder when 308247 is divided by 131?
4
What is the remainder when 8558848 is divided by 43?
42
Calculate the remainder when 112558 is divided by 141.
40
What is the remainder when 3226107 is divided by 62?
61
What is the remainder when 27304930 is divided by 9351?
10
Calculate the remainder when 2288297 is divided by 36.
29
What is the remainder when 165174 is divided by 1013?
55
What is the remainder when 2117158 is divided by 25819?
0
What is the remainder when 63072292 is divided by 221?
218
Calculate the remainder when 12765 is divided by 319.
5
What is the remainder when 22473825 is divided by 18?
15
What is the remainder when 40256868 is divided by 30?
18
Calculate the remainder when 110925949 is divided by 711.
706
What is the remainder when 7183631 is divided by 1197240?
191
Calculate the remainder when 382989 is divided by 1557.
1524
What is the remainder when 3276156 is divided by 1142?
900
What is the remainder when 14097747 is divided by 75?
72
What is the remainder when 793450 is divided by 644?
42
What is the remainder when 51230223 is divided by 848?
847
Calculate the remainder when 12026734 is divided by 68.
50
What is the remainder when 85862 is divided by 225?
137
Calculate the remainder when 9497147 is divided by 3561.
3521
Calculate the remainder when 51145150 is divided by 1583.
3
Calculate the remainder when 97733 is divided by 46988.
3757
Calculate the remainder when 163336 is divided by 185.
166
What is the remainder when 195010 is divided by 4450?
3660
Calculate the remainder when 8077131 is divided by 50.
31
What is the remainder when 1531024 is divided by 102067?
19
Calculate the remainder when 2078333 is divided by 388.
205
What is the remainder when 26419770 is divided by 351?
0
Calculate the remainder when 1001678 is divided by 279.
68
Calculate the remainder when 209887 is divided by 2591.
16
What is the remainder when 69193574 is divided by 268?
262
What is the remainder when 2099043 is divided by 2162?
1903
What is the remainder when 5461086 is divided by 2?
0
What is the remainder when 266319224 is divided by 9?
8
Calculate the remainder when 68696982 is divided by 7258.
12
What is the remainder when 181261 is divided by 154?
3
Calculate the remainder when 2106070 is divided by 823.
13
What is the remainder when 8733973 is divided by 56?
45
Calculate the remainder when 128604233 is divided by 42868073.
14
What is the remainder when 34945777 is divided by 213084?
1
Calculate the remainder when 4918105 is divided by 614761.
17
Calculate the remainder when 114009068 is divided by 2072892.
8
What is the remainder when 33649913 is divided by 736?
729
Calculate the remainder when 76604 is divided by 137.
21
Calculate the remainder when 17664 is divided by 432.
384
What is the remainder when 657476 is divided by 61?
18
Calculate the remainder when 49685 is divided by 1667.
1342
What is the remainder when 2881107 is divided by 25053?
12
What is the remainder when 69312 is divided by 371?
306
Calculate the remainder when 8072164 is divided by 5905.
29
Calculate the remainder when 4843712 is divided by 6608.
48
What is the remainder when 1530946 is divided by 382712?
98
What is the remainder when 283173927 is divided by 1794?
1791
What is the remainder when 1251505 is divided by 55?
35
What is the remainder when 42019 is divided by 6600?
2419
Calculate the remainder when 377776067 is divided by 157.
155
What is the remainder when 804432 is divided by 1484?
104
Calculate the remainder when 1829624 is divided by 457404.
8
Calculate the remainder when 21203 is divided by 21161.
42
What is the remainder when 4137193 is divided by 7536?
7465
Calculate the remainder when 375358 is divided by 464.
446
What is the remainder when 4914772 is divided by 20?
12
What is the remainder when 3614205 is divided by 162?
147
What is the remainder when 221459 is divided by 31552?
595
Calculate the remainder when 19403594 is divided by 130225.
69
What is the remainder when 107739 is divided by 244?
135
Calculate the remainder when 27302507 is divided by 729.
728
Calculate the remainder when 1882962 is divided by 470148.
2370
Calculate the remainder when 579689 is divided by 11.
0
Calculate the remainder when 735789 is divided by 49.
5
What is the remainder when 21439342 is divided by 24?
22
What is the remainder when 25759 is divided by 1820?
279
Calculate the remainder when 307160 is divided by 571.
533
What is the remainder when 3550907 is divided by 6690?
5207
What is the remainder when 95000023 is divided by 396?
19
Calculate the remainder when 8112660 is divided by 457.
453
What is the remainder when 239451 is divided by 29706?
1803
What is the remainder when 46097152 is divided by 342?
340
What is the remainder when 338321 is divided by 5109?
1127
What is the remainder when 17975 is divided by 31?
26
What is the remainder when 170287850 is divided by 314?
312
What is the remainder when 440684 is divided by 110106?
260
Calculate the remainder when 6340663 is divided by 618.
601
Calculate the remainder when 318387 is divided by 1121.
23
Calculate the remainder when 2049626 is divided by 15295.
96
Calculate the remainder when 70975 is divided by 13536.
3295
Calculate the remainder when 17679862 is divided by 783.
505
Calculate the remainder when 1207874 is divided by 648.
2
Calculate the remainder when 60216 is divided by 248.
200
What is the remainder when 38819988 is divided by 46884?
36
Calculate the remainder when 2716 is divided by 868.
112
What is the remainder when 20003992 is divided by 20003963?
29
What is the remainder when 3811107 is divided by 889?
853
What is the remainder when 100249 is divided by 47636?
4977
What is the remainder when 1451959 is divided by 62?
43
Calculate the remainder when 422004 is divided by 92.
0
Calculate the remainder when 128305 is divided by 12830.
5
What is the remainder when 127649 is divided by 21106?
1013
Calculate the remainder when 169389 is divided by 168961.
428
Calculate the remainder when 35718635 is divided by 6199.
6196
What is the remainder when 1068210 is divided by 4450?
210
What is the remainder when 1003159 is divided by 1407?
1375
What is the remainder when 201687 is divided by 66946?
849
What is the remainder when 29048451 is divided by 48739?
7
Calculate the remainder when 196757 is divided by 28093.
106
What is the remainder when 303850 is divided by 99?
19
What is the remainder when 1089021 is divided by 272234?
85
Calculate the remainder when 340915 is divided by 286.
3
What is the remainder when 1353268 is divided by 78?
46
What is the remainder when 43964 is divided by 10072?
3676
What is the remainder when 66174 is divided by 4608?
1662
What is the remainder when 674920 is divided by 269?
268
Calculate the remainder when 54501 is divided by 71.
44
Calculate the remainder when 211399 is divided by 1521.
1501
What is the remainder when 1568334 is divided by 104541?
219
What is the remainder when 1165288 is divided by 985?
33
Calculate the remainder when 797393 is divided by 4089.
38
Calculate the remainder when 77710 is divided by 8629.
49
What is the remainder when 35275700 is divided by 33?
20
Calculate the remainder when 148524288 is divided by 427.
24
Calculate the remainder when 55877164 is divided by 169.
18
Calculate the remainder when 29168 is divided by 9633.
269
Calculate the remainder when 78304 is divided by 575.
104
What is the remainder when 10598 is divided by 5153?
292
What is the remainder when 396581 is divided by 2448?
5
What is the remainder when 7170284 is divided by 41686?
292
What is the remainder when 144109 is divided by 23999?
115
Calculate the remainder when 34046983 is divided by 8511730.
63
What is the remainder when 12108289 is divided by 398?
333
Calculate the remainder when 700906 is divided by 2792.
114
Calculate the remainder when 1255330 is divided by 333.
253
What is the remainder when 1437490 is divided by 1190?
1160
Calculate the remainder when 2749415 is divided by 687331.
91
What is the remainder when 72773977 is divided by 1500?
1477
Calculate the remainder when 12433393 is divided by 3778.
3773
What is the remainder when 2161971 is divided by 14808?
3
What